
Let b(q) = 8*q**2 - 688*q - 1376. Determine b(88).
32
Let y(x) = 32*x**2 + 61*x - 49. Calculate y(-6).
737
Let v(j) = -6*j**3 - 400*j**2 + 22*j - 2084. Give v(-67).
5420
Let i(v) = -3*v**3 - 1201*v**2 + 864*v + 24549. Calculate i(-401).
-313
Let x(w) = -2*w**3 - 93*w**2 - 1324*w - 5055. Determine x(-6).
-27
Let p(j) = 13*j**2 - 1155*j - 1356. What is p(90)?
-6
Let j(d) = 4*d**3 - 608*d**2 - 3*d - 285. Calculate j(152).
-741
Let l(r) = r**3 - 213*r**2 + 1843*r - 1470. What is l(204)?
-42
Let l(n) = 2*n**3 + 97*n**2 + 134*n - 297. Give l(-47).
32
Let h(z) = 5*z**2 - 108*z - 1198. Give h(-14).
1294
Let m(h) = 258*h + 1846. Give m(-13).
-1508
Let x(y) = 2*y**2 - 325*y + 7343. What is x(136)?
135
Let v(s) = -s**3 - 15*s**2 + 670*s + 536. What is v(-34)?
-280
Let h(s) = -s**2 - 3182*s + 9551. What is h(3)?
-4
Let u(d) = -d**2 + 11539*d + 381865. Determine u(-33).
-11
Let x(c) = -12*c**2 - 246*c - 442. What is x(-2)?
2
Let m(c) = -385*c + 2795. Determine m(6).
485
Let b(m) = -2*m**3 - 9*m**2 + 96*m + 829. What is b(-7)?
402
Let m(t) = -4559*t - 37222. Calculate m(-8).
-750
Let n(h) = 566*h - 37339. What is n(66)?
17
Let y(a) = -7*a**2 - 15693*a + 47100. Determine y(3).
-42
Let u(o) = -6*o**2 - 606*o - 1775. Calculate u(-98).
-11
Let d(w) = 69180*w - 7333072. What is d(106)?
8
Let h(b) = b**3 + 134*b**2 + 4267*b - 12254. Calculate h(-62).
-40
Let f(j) = -j**2 + 1853*j - 607904. Give f(1427).
-2
Let k(b) = -48*b**3 - 9*b**2 + 20*b + 11. Determine k(2).
-369
Let t(s) = 129*s - 7190. Calculate t(70).
1840
Let w(d) = -30*d**2 + 759*d + 5. Give w(0).
5
Let d(k) = 17*k**2 + 1853*k + 1831. Give d(-108).
-5
Let v(r) = 299*r + 29094. Give v(-98).
-208
Let i(y) = 937*y - 47496. Determine i(51).
291
Let n(r) = -182527*r + 730116. Calculate n(4).
8
Let u(b) = -2347*b - 75082. Give u(-32).
22
Let w(z) = 67*z**2 - 260*z - 64. Give w(5).
311
Let b(m) = m**2 + 35938*m + 826074. Give b(-23).
29
Let t(a) = -1441*a + 1817096. What is t(1261)?
-5
Let l(s) = -1064*s - 1538549. What is l(-1446)?
-5
Let r(v) = -10*v**2 - 9352*v + 25. Calculate r(0).
25
Let j(c) = -20879*c - 9103257. Calculate j(-436).
-13
Let t(v) = -112*v**3 - 4816*v**2 + 8*v + 343. Determine t(-43).
-1
Let c(t) = -26*t**2 - 1107*t + 524. Determine c(-39).
4151
Let a(b) = 1697*b - 35. What is a(0)?
-35
Let p(l) = -3*l**3 - 191*l**2 - 41*l + 5396. Determine p(-63).
41
Let y(r) = -9*r**3 - 936*r**2 - 6*r - 610. Give y(-104).
14
Let i(f) = -219*f - 11545. Give i(-52).
-157
Let t(y) = -26*y**2 - 1332*y + 1047. Determine t(-52).
7
Let f(q) = q**2 + 2617*q + 59779. Determine f(-23).
117
Let k(z) = -32803*z - 3641155. Give k(-111).
-22
Let m(u) = -17*u + 318. What is m(28)?
-158
Let q(l) = 309*l**2 + 25*l - 33. Give q(1).
301
Let y(h) = -584*h - 43255. Determine y(-74).
-39
Let r(w) = -5*w**3 - 9491*w - 28462. Determine r(-3).
146
Let w(z) = 2*z**2 - 859*z + 25450. Give w(32).
10
Let o(n) = n**3 + 19*n**2 + 45*n - 33. Calculate o(-15).
192
Let r(t) = t**3 + 10*t**2 - 121*t - 1387. What is r(-12)?
-223
Let j(c) = -10557*c + 2364765. What is j(224)?
-3
Let w(f) = 163621*f - 1963446. What is w(12)?
6
Let i(m) = 11842*m + 1681554. Calculate i(-142).
-10
Let c(v) = -32*v**2 + 3593*v - 591. Calculate c(112).
417
Let c(f) = f**3 + 22*f**2 + 2751*f + 51156. Calculate c(-19).
-30
Let k(s) = -53147*s - 2657354. Determine k(-50).
-4
Let v(f) = -9012335*f + 18024661. Give v(2).
-9
Let v(c) = -36*c + 6467. Determine v(180).
-13
Let i(j) = -1542*j + 17096. Calculate i(11).
134
Let i(j) = 7*j**3 - 398*j**2 - 52*j - 273. Calculate i(57).
12
Let v(a) = -20403*a + 1407801. Calculate v(69).
-6
Let c(y) = 1115*y + 5332. What is c(-5)?
-243
Let u(g) = 6*g**2 - 308*g - 873. Calculate u(54).
-9
Let r(i) = -11*i**2 + 2985*i - 5980. Give r(2).
-54
Let l(c) = -c**3 - 34*c**2 + 117*c + 23. Determine l(0).
23
Let d(z) = -1426*z + 4514. Give d(3).
236
Let k(i) = 6819*i + 27811. Give k(-4).
535
Let f(i) = -18*i + 449. Calculate f(26).
-19
Let w(l) = 184*l + 269. Give w(-5).
-651
Let k(w) = -w**3 - 84*w**2 + 55*w + 5445. Determine k(8).
-3
Let w(j) = -3*j**3 + 262*j**2 + 724*j - 255. What is w(90)?
105
Let x(v) = v**3 - 15*v**2 - 87*v + 659. What is x(16)?
-477
Let t(d) = -10*d**3 - 716*d**2 + 283*d - 317. What is t(-72)?
43
Let u(c) = c**3 - 26*c**2 - 70*c + 731. Calculate u(8).
-981
Let h(j) = 694622*j + 2083872. What is h(-3)?
6
Let b(t) = 516211*t - 3097322. Determine b(6).
-56
Let l(q) = 3*q**3 - 3*q**2 - 119817*q - 6. What is l(0)?
-6
Let o(i) = -9679*i + 691. What is o(0)?
691
Let f(m) = 1150*m - 33565. Give f(29).
-215
Let p(n) = 5*n**3 - 126*n**2 + 806*n - 19529. Calculate p(25).
-4
Let h(o) = -5*o**3 + 9*o**2 + 2*o - 14. Determine h(2).
-14
Let r(d) = -88482*d - 265496. Calculate r(-3).
-50
Let n(j) = j**3 + 89*j**2 + 766*j + 68225. Give n(-89).
51
Let o(p) = -p**3 - 54*p**2 + 423*p + 24143. Give o(-54).
1301
Let x(k) = 962*k - 4532. Determine x(5).
278
Let x(p) = -5141*p - 108366. What is x(-21)?
-405
Let h(o) = -594*o - 52415. Give h(-88).
-143
Let f(x) = -938*x - 25350. Calculate f(-27).
-24
Let r(p) = 38908*p - 39455. Calculate r(1).
-547
Let v(q) = 26384*q + 2400969. Give v(-91).
25
Let q(d) = 5*d**2 - 13726*d + 150382. Calculate q(11).
1
Let r(g) = 61*g**3 + 929*g**2 + 225*g + 23. What is r(-15)?
-202
Let c(n) = -n**2 + 14002*n + 575726. What is c(-41)?
-37
Let v(h) = -h**3 + 31*h**2 + 18*h - 1514. What is v(30)?
-74
Let w(n) = -n**3 + 95*n**2 + 892*n + 125. Calculate w(-9).
521
Let i(u) = -3479*u - 52197. Determine i(-15).
-12
Let u(j) = 1797*j - 1784367. Calculate u(993).
54
Let l(f) = -492162*f - 1968655. Determine l(-4).
-7
Let i(a) = 6*a**2 - 720*a - 9065. Give i(131).
-419
Let x(l) = 7342*l - 29391. Calculate x(4).
-23
Let u(x) = 7*x**2 + 802*x + 887. Calculate u(-114).
431
Let d(l) = 4*l**2 - 2*l - 1044. Give d(-18).
288
Let z(h) = -2*h**2 + 13493*h - 616438. Give z(46).
8
Let j(f) = f**2 + 374*f + 32894. What is j(-239)?
629
Let w(p) = -2*p**2 - 4616*p + 9230. Calculate w(2).
-10
Let l(x) = x**3 + 207*x**2 + 835*x + 4704. What is l(-203)?
35
Let r(b) = 3402*b**2 - 27235*b - 18. Determine r(8).
-170
Let n(i) = -1351685*i - 6. Give n(0).
-6
Let f(p) = 3523*p + 3702. What is f(-1)?
179
Let a(d) = -4*d**3 - 17*d**2 - 680*d - 4101. Give a(-6).
231
Let t(s) = 30*s**2 - 227*s - 4460. What is t(-9)?
13
Let v(s) = -18*s**3 + 18*s**2 - 90*s + 29. Determine v(4).
-1195
Let w(a) = -11*a**3 + 301*a**2 - 362*a - 643. Calculate w(26).
85
Let f(o) = -o**3 - 628*o**2 + 21089*o - 20499. Give f(-660).
-39
Let k(i) = 3*i**3 - 11*i**2 - 176*i + 692. Calculate k(4).
4
Let n(y) = 13*y**2 + 171*y - 1394. Calculate n(10).
1616
Let q(b) = 59*b + 4787. What is q(-87)?
-346
Let v(a) = 4*a**3 - 33*a - 124. Give v(4).
0
Let f(b) = -7*b**3 - 1105*b**2 + 148*b - 1564. Give f(-158).
16
Let b(u) = -129*u**3 - 3*u**2 + 219*u - 217. Calculate b(1).
-130
Let t(n) = -86120*n - 344472. What is t(-4)?
8
Let f(o) = 6*o**2 + 927*o + 5196. Give f(-6).
-150
Let b(m) = -1463*m - 134615. What is b(-92)?
-19
Let j(o) = 2889*o - 37541. What is j(13)?
16
Let s(n) = -176*n**2 - 5117*n - 112. Determine s(-29).
265
Let i(q) = -113*q**3 - 5*q**2 - 1157*q + 2324. What is i(2)?
-914
Let k(n) = -292*n - 5297. Calculate k(-22).
1127
Let f(u) = -13*u**2 + 339*u + 335. Calculate f(27).
11
Let s(g) = -19*g**3 - 12*g**2 + 20*g + 17. Calculate s(2).
-143
Let m(z) = 2*z**3 + 248*z**2 - 255*z - 138. What is m(-125)?
487
Let u(d) = d**2 - 258*d - 16500. Calculate u(311).
-17
Let s(p) = -9*p**3 - 539*p**2 - 506*p - 33998. Determine s(-60).
-38
Let v(r) = -7*r**2 + 320*r - 288. Calculate v(43).
529
Let j(m) = m**2 + 13*m + 265. Calculate j(-20).
405
Let a(n) = -23*n**2 + 1965*n - 2738. Calculate a(84).
34
Let p(q) = -12*q**2 - 674*q + 5403. Give p(8).
-757
Let n(v) = -v**3 + 239*v**2 - 4314*v - 20314. Determine n(24).
-10
Let g(p) = -128*p**2 + 85136*p - 10661. What is g(665)?
-21
Let f(o) = 1292*o + 60685. Determine f(-47).
-39
Let f(l) = -2*l**2 - 35*l - 173. Give f(-20).
-273
Let p(h) = h**2 - 697102*h + 2091297. Determine p(3).
0
Let c(s) = 222*s - 33572. Give c(151).
-50
Let y(f) = -266*f + 43079. Calculate y(163).
-279
Let z(u) = -2*u**3 + 47*u**2 + 16*u + 99. Determine z(25).
-1376
Let s(b) = b**3 - 35*b**2 + 97*b - 2207. Give s(34).
-65
Let h(f) = f**3 - 104*f**2 - 9881*f